e 5*b + 3*c - 524 = 0, -2*c + 521 = 2*b + 3*b. What is the units digit of b?
3
Let c(q) be the third derivative of -q**4/12 - 2*q**3/3 + 3*q**2. What is the tens digit of c(-8)?
1
Suppose -5*f = 4*p + 118, f + 13 = 2*p - 19. Let x = f - -54. What is the tens digit of x?
2
Let k = -5 + 2. Let o be 1 - (4 - 3/k). Let n(p) = -4*p - 2. What is the tens digit of n(o)?
1
Let t = 217 + -126. What is the tens digit of t?
9
Let q(u) = 19*u - 1. Let f be q(-1). Let p be (-8)/10*f/8. Suppose -64 = -2*k - p*k. What is the tens digit of k?
1
Let k be 1/1 + -2 + 1. Suppose 3*r - 5*a = -3*a + 9, k = 3*r + 2*a - 9. What is the units digit of r?
3
Let d = -72 - -130. What is the tens digit of d?
5
Let b = 15 - 10. Suppose -b*y = -3*r + 8, 3*r - 4 - 1 = 2*y. Let l = r + 7. What is the units digit of l?
8
Let t be 2/(-8)*2*-4. Suppose -6*q + t*q = -48. What is the units digit of q?
2
Suppose -3*a - 6*a = -2691. What is the hundreds digit of a?
2
Suppose 2*m + 27 = 3*m. What is the tens digit of m?
2
Let f(c) = 1 + c**3 + 14 + 18*c**2 + 0 - 11*c + 2*c**3. Let u(r) = -r**3 - 6*r**2 + 4*r - 5. Let l(q) = -6*f(q) - 17*u(q). What is the units digit of l(-6)?
7
Let l = 154 + -84. What is the tens digit of l?
7
What is the tens digit of 2 + 2 + (104 - -1)?
0
Let d = 3 - 9. Let s = 0 - d. What is the units digit of 1 + 8 + s + -4?
1
Let c(o) = -o**2 - 34*o - 45. What is the units digit of c(-19)?
0
Suppose 3*l + 4*p = 130, -l - p = -26 - 16. What is the tens digit of l?
3
Let t = 9 - 0. Let b be 38*3/t*3. What is the units digit of b/6 - (-1)/(-3)?
6
Let p be ((-3)/9)/((-2)/6). Let n = 11 + p. What is the units digit of n?
2
Let g = -48 + 61. What is the units digit of g?
3
Let k(m) = m**2 + 4*m - 16. Let r be k(-7). Suppose 3*g = 4*w + 89, -r*w = g - 22 - 14. What is the units digit of g?
1
Let c = -2 + 2. Suppose c = 2*f + 4 - 20. What is the units digit of f?
8
Suppose 4*u + 3*i - 30 = 0, 2*u = 3*i + 1 + 5. Let y be -1*(-1 + -3) + 1. Suppose -u = -y*v + 4. What is the units digit of v?
2
Suppose f - 12 = -0*f. What is the units digit of f?
2
Let r(f) = 23*f**2 - f - 4. Let x be r(4). Suppose -x = -5*o - 0*o. Suppose 4*h = -16 + o. What is the units digit of h?
4
Let o be -2 - 3 - (2 - 2). Let p(x) = -5*x**2 + 5*x + 6. Let t(y) = 4*y**2 - 5*y - 6. Let q(l) = o*p(l) - 6*t(l). What is the units digit of q(-5)?
6
Let l(m) = m**3 - 6*m**2 + 5*m. Let x be l(5). Suppose x*j + 4*j = 84. What is the tens digit of j?
2
Let m(n) = n**2 + 5*n + 10. What is the units digit of m(-5)?
0
Let z = 63 - 31. What is the tens digit of z?
3
Suppose -4*i + 0*v - 28 = -v, 2 = -i - v. Let w(h) = 8 + h + h**2 + 0*h + 5*h. What is the units digit of w(i)?
8
Suppose 3*l - 12 + 3 = 0. Suppose l*z = -0*z + 12. What is the units digit of z/(-18) - (-235)/45?
5
Let f(w) = -w - 2. Let v be f(-5). Suppose v*t - 6*t = -45. What is the units digit of t?
5
Suppose -4*z = -5*i - 3, -3*z = -3*i + z + 3. Let r = -9 + 3. Let g = i - r. What is the units digit of g?
3
Let y be 8/2*(-3 + 8). Let j = -8 + y. Suppose -h = -3*h + j. What is the units digit of h?
6
Suppose 2*v - 90 = o, -2*o = -2*v - 3*o + 94. What is the units digit of v?
6
Let t be -2 + 2 + (0 - -5). Suppose t*u + 21 = 76. What is the tens digit of u?
1
Let c(l) = -56*l**3 - l**2 + l. Let g be c(1). What is the units digit of (g/7)/((-2)/1)?
4
Let u(c) = c**3 - 6*c**2 + 8*c - 2. Let m(d) = -2*d**3 + 12*d**2 - 17*d + 4. Let a(n) = 4*m(n) + 9*u(n). What is the tens digit of a(6)?
2
Let g = 2 - -9. Let p = -6 + g. Suppose p*u = u - b, -5*u - b = -1. What is the units digit of u?
1
Let d be 9/36 + (-213)/4. Let q = -38 - d. What is the units digit of q?
5
Let q(p) = 4*p**2 - 6*p - 6. Let b be q(-3). Suppose -89 = -4*m + h - 0*h, 3*h - b = -3*m. What is the units digit of m?
1
Let t be 3 - ((-4)/(-2) + -2). Let o be 3/(-3*t)*-9. Suppose -3*j + 9 = 2*r, o*j + 3*r = 1 + 8. What is the units digit of j?
3
What is the units digit of 4/14 + (-80)/(-14)?
6
Let l(k) = k - 5. Let d be l(6). Let u = 21 - d. What is the units digit of u?
0
What is the hundreds digit of ((-4212)/270)/(-1 - 34/(-40))?
1
Suppose 5*f = -4*h + 92, -h + 0*f - 2 = -5*f. Let u = 16 + h. What is the units digit of u?
4
Let n(m) = m**3 - 8*m**2 - 2*m + 9. Let r be n(6). What is the units digit of r/(-3) - (0 - -2)?
3
Suppose -3*q + 206 = -l + 5*l, 5*l = -5*q + 260. Let h be (-10)/(-45) + l/18. Suppose -52 = -4*g + 4*d, -h*g = d - 15 - 16. What is the tens digit of g?
1
Suppose 1 + 2 = -5*m + 2*b, 2*b + 4 = -2*m. Let w be (-1 + 3)/m - -7. Suppose -30 = 2*g - w*g. What is the units digit of g?
0
Let o(l) = -l**2 + 8*l + 8. Let d be o(9). What is the tens digit of 4/((6/(-27))/d)?
1
Let v(a) = 2*a - 1. Let b be v(-3). Let j(w) = -w**2 - 7*w + 5. Let g be j(b). Let z = -3 + g. What is the units digit of z?
2
Let u be 4/(-7)*(-98)/28. Suppose 3*l = u*l + 41. What is the units digit of l?
1
Suppose 7*u + 24 = 4*u. Let x be (u/5)/((-6)/15). Let b = x - 2. What is the units digit of b?
2
Let v(p) = -p**3 + 4*p**2 - 2*p - 1. Let a be v(2). Let b(l) = 6 - l + 5*l - a*l. What is the units digit of b(0)?
6
Let c(i) = i**2 - 1. Let y be c(-1). Suppose y*x + 52 = 4*x. What is the units digit of x?
3
Suppose -h - 4 = h. Let n be -1*(-21 - h) - 1. Suppose 2*r - 52 = 5*y, -2*y = -2*r + n + 22. What is the units digit of r?
6
Suppose -4*h + 14 = 110. Let o be 18/h*(4 - 0). Let k = o - -6. What is the units digit of k?
3
Suppose i - 3*i - 12 = -2*b, 0 = 3*b - 4*i - 16. What is the units digit of b?
8
Let g = 11 - 6. Suppose -3*y - g = -4*y. Let s(n) = n - 3. What is the units digit of s(y)?
2
Let u(c) = 35*c - 14. What is the tens digit of u(4)?
2
Let v(j) = -17*j**2 + j + 1. Let w be -6*(-2 - (-1 + 0)). Let s(f) = 33*f**2 - 2*f - 2. Let p(t) = w*s(t) + 11*v(t). What is the units digit of p(-1)?
1
Suppose 2*w = 5*w + 3*a, 5*w = -a. Let j = 21 + -16. Suppose j*k - 42 - 13 = w. What is the tens digit of k?
1
What is the units digit of 6/4 + (-858)/(-4) + 1?
7
What is the units digit of 8 + (1 + 0 - 3) + -1?
5
Let w = 93 + -20. What is the tens digit of w?
7
Let n(k) = k**3 - 13*k**2 + 13*k - 13. Let i be n(12). Let u(f) be the second derivative of -f**5/10 - f**4/12 + f**2/2 + f. What is the units digit of u(i)?
2
Let y = -4 - -7. Let f(o) = -o + 2. Let z be f(0). Suppose -4*m = -4*j + 28, -5*j - 4*m + z - y = 0. What is the units digit of j?
3
Let w(r) = -r**3 + 6*r**2 - 7*r. Let m be w(5). Let v = -6 - m. Suppose -v*c + 40 = c. What is the units digit of c?
8
Let j(c) = c**2 + 7*c + 2. Suppose 4*k + k = -40. What is the units digit of j(k)?
0
Suppose 2*f = -f + 96. Suppose 4*z = 5*a + f + 5, -5*a = -5*z + 50. What is the units digit of z?
3
What is the units digit of 2/(1 - 58/62)?
1
Let d(w) be the first derivative of -w**5/60 + w**4/12 + w**3/3 - 1. Let y(m) be the third derivative of d(m). What is the tens digit of y(-4)?
1
Let z(a) = -a**3 - 3*a**2 + 2*a + 6. Let n(t) = t + 6. Let y be n(-10). Let v be z(y). What is the units digit of 3*(-2 - v/(-6))?
1
Let m(s) = -s**2 + 10*s - 6. Let t be m(9). What is the units digit of (t - 5)*14/(-4)?
7
Let t(a) = 5*a**2 + 2. What is the tens digit of t(2)?
2
What is the units digit of (-1)/(0 - (-2)/(-64))?
2
Let u be 0 + (-2 - (0 + -1)). Suppose 0 = -4*m - y + 21, 2*m = 3*m - 5*y + 21. Let q = m - u. What is the units digit of q?
5
Let o = 117 + 2. What is the units digit of o?
9
Let w(o) = o**2 + 2*o - 11. Let k be w(-8). Suppose -5*t + 4*t + k = 0. What is the tens digit of t?
3
Let y = -45 - -102. What is the units digit of y?
7
Let q be (-12)/(21/(-6) + 2). Suppose -q = -4*d + 5*d. Let k(l) = l**3 + 9*l**2 + 7*l + 3. What is the units digit of k(d)?
1
Let t = 9 + -6. What is the tens digit of (1/t)/(6/234)?
1
Suppose 20 = -2*j - 2*k, j = 3*k + 5 + 1. What is the units digit of 90/12 - 3/j?
8
Let h be (-2*2)/(2/(-10)). What is the tens digit of h - (-3 + 2/(-2))?
2
Let o be 3 + 0 + -6 + -19. Let k = -4 - o. What is the units digit of k?
8
Suppose 74 = 5*j + 2*n, j + 0*j + 2*n = 18. Suppose 0 = -4*r - 3*a - 27, -2*a + 8 - 3 = -5*r. Let o = r + j. What is the units digit of o?
1
Let k be (1 + 58 - 2)/1. Suppose k - 5 = 4*u - 4*p, 5*p - 31 = -u. What is the tens digit of u?
1
Let d = 31 - 3. What is the units digit of d?
8
What is the tens digit of (-1 + 